 (36/n - -2)*872/(-10). Suppose 3*f = -3*l + 285 - 120, 5*l = -4*f + h. What are the prime factors of f?
3, 19
Let u(k) = k + 77. Let j(v) = -v - 39. Let m(r) = -7*j(r) - 3*u(r). Let g be m(-10). Suppose g*p + 567 = 5*p. What are the prime factors of p?
3, 7
Let l = -51 + 72. Suppose 19*w = l*w - 160. Suppose w*s = 83*s - 300. List the prime factors of s.
2, 5
Suppose 2087 = -5*s + 8747. Let p = s + -731. List the prime factors of p.
601
Suppose 8*k + 2*g + 88324 = 10*k, 0 = 8*k - 5*g - 353320. List the prime factors of k.
2, 5, 7, 631
Suppose 2*t - 6*v - 23804 = 0, -4*t = -9*t - 3*v + 59528. What are the prime factors of t?
5, 2381
Let a be 55/11*(-254)/(-5)*-1. Let s = -146 - a. Suppose -4*k + 240 = 5*j, 0 = -0*j + 2*j + 4*k - s. What are the prime factors of j?
2, 11
List the prime factors of 5596 + (-1)/(-3)*((14 - 1) + -25).
2, 3, 233
Suppose 5*r + 2910 = a, -2*r = -3*a - 6*r + 8730. Suppose -16*k = -14318 + a. What are the prime factors of k?
23, 31
Let h(z) = -31892*z**3 - 2*z**2 + 53*z + 54. List the prime factors of h(-1).
31891
Suppose p - 18780 = -8203. What are the prime factors of p?
7, 1511
What are the prime factors of 5/(605/(-66)) - (-733290)/55?
2, 3, 11, 101
Suppose -2*d + d = -11049. List the prime factors of d.
3, 29, 127
Let c = -19476 - -30964. What are the prime factors of c?
2, 359
Suppose -o + 31 + 29 = 2*q, -3*q - 113 = -2*o. Suppose -o*l + 43*l = -10530. What are the prime factors of l?
2, 3, 13
Let x(v) = -26*v + 159. Let d be x(15). What are the prime factors of (-132)/d + 4350/7?
2, 311
Suppose -59142 = -f - 118*a + 114*a, -59140 = -f - 5*a. List the prime factors of f.
2, 5, 7, 13
Let y(o) be the second derivative of 577*o**5/20 - 7*o**4/12 + 221*o. What are the prime factors of y(1)?
2, 3, 5, 19
Suppose -299*d + 295*d + 6077 = f, -5*d - 18231 = -3*f. List the prime factors of f.
59, 103
Let x be -3 + (-6)/2 + -453. Let v = -121 - x. List the prime factors of v.
2, 13
Let z be ((-1 - -714)*1)/(-11 - -12). Suppose 0 = k - u - z - 611, 5280 = 4*k + 4*u. List the prime factors of k.
2, 661
Let l = -338 - -343. Let b(v) = 8*v**3 + 2*v**2 - 26*v + 21. What are the prime factors of b(l)?
941
Let v be (18/(-24))/(3/2)*0. Suppose x - 3*x = 4*d + 8, v = -4*d + 3*x + 12. Suppose 2*q + 222 = 3*b - d*q, 3*b - 5*q = 213. What are the prime factors of b?
2, 19
Suppose 672*g - 675*g - 21 = 0. Let r(w) = -3*w**3 + w**2 + 2*w - 2. List the prime factors of r(g).
2, 3, 59
Suppose -3*j + 16162 = 5*z, 103*z = 106*z - 4*j - 9674. What are the prime factors of z?
2, 5, 17, 19
Suppose 0 = 7*k - 5440 - 706. Suppose -4*j = 5*u - k, -4*u - 2*j + 3*j + 715 = 0. List the prime factors of u.
2, 89
Suppose 7*w - 3*w + 3*m + 19 = 0, 20 = 5*w - 5*m. Let x(l) = -24*l**3 + l**2 - l - 2. Let s be x(w). List the prime factors of (s/(-20))/(3/210*-1).
2, 3, 7
List the prime factors of 19/((-133)/(-72765)) - (4 - -8).
3, 3461
Suppose 3360714 = -1054*y + 1152*y. List the prime factors of y.
3, 7, 23, 71
Suppose -a + 8 = -5*h, 7*h - 3*h = -3*a - 14. Let d = 5016 - 4814. List the prime factors of (h/(-4))/(3 + d/(-68)).
17
List the prime factors of (-875)/(-350)*46158/15.
7, 157
Let q = 24 - 47. Let d = 26 + q. Suppose -11*j + 472 = -d*j. What are the prime factors of j?
59
Let l(z) = 2*z**2 + 9*z + 15. Let q = -91 + 112. Let t be 31/(-4) + q/28. What are the prime factors of l(t)?
2, 5
Let u = -3406 - -6346. Let g = u - 1765. What are the prime factors of g?
5, 47
Suppose 3*i - 2*x + 2 = 0, 0 = 4*i - 5*x + 12. Let m be (8/16)/(i/36). Suppose 0 = 3*z + 2*f - 189, 0 = 4*f + 3 + m. What are the prime factors of z?
5, 13
Let g(m) = 76*m**2 - 15*m - 49. Let d be g(13). Suppose 8*t - t - d = 0. What are the prime factors of t?
2, 3, 5
Let w = 3 - 0. Let t(l) be the third derivative of 7*l**5/20 + l**4/24 + l**3/3 - 51*l**2. List the prime factors of t(w).
2, 97
Let a(z) = -2*z**3 + z**2 + z. Let n = -15 + 14. Let k be a(n). Suppose 5*f - k*i = -6*i + 437, 3*f - 264 = -3*i. List the prime factors of f.
5, 17
Let g = -705 + 28212. List the prime factors of g.
3, 53, 173
Suppose x - 60313 = -3*t - 0*x, 40 = -8*x. What are the prime factors of t?
2, 3, 1117
Suppose 0*u = -3*u - 9, 0 = z - 5*u + 1485. Let q = -482 - z. List the prime factors of q.
2, 509
Let k(o) = -10*o**3 - 24*o**2 - 44*o - 14. Let x be k(-8). Let d = -2666 + x. What are the prime factors of d?
2, 157
Suppose 0 = 4*p + 3*d - 7*d - 28, 0 = p - 4*d - 10. Suppose -88*m + 3420 = -76*m. Suppose m - p = 3*o. List the prime factors of o.
3, 31
Let d(r) = 75*r + 36. Let x(p) = 3*p**2 - 49*p - 23. Let j be x(17). What are the prime factors of d(j)?
3, 7, 41
Let t be 9 - -34 - ((-2)/(-2))/1. Let o = 26 - t. Let b = o - -42. What are the prime factors of b?
2, 13
Let v(j) = -14*j + 18. Let i be 2 - 432/30 - (-2)/5. List the prime factors of v(i).
2, 3, 31
Let s be 4*2/4 - -3. Suppose 0 = -f - 3*c - 1 - 5, f - s*c - 18 = 0. Let k = f - -34. What are the prime factors of k?
37
Suppose -36*u + 39*u - 37389 = -y, 0 = 3*u - 12. List the prime factors of y.
3, 4153
Let o be (-200)/5*(-11)/1. Suppose 25*d - o = 20*d. What are the prime factors of d?
2, 11
Let z be (-468)/(-6) - 4/2. Let v = -52 + z. Let w = v - -143. What are the prime factors of w?
167
Let n be (10/(-3))/((-42)/9 + 4). Suppose f = -4*l + 13, -n*f + 3*f = -10. Suppose -4*t - l*p = p - 14, 22 = 4*t - p. What are the prime factors of t?
5
Let f(x) = 2*x**2 - 6*x + 25. Let c be f(9). Let o = c + -36. What are the prime factors of o?
97
Suppose -9739 = -4*o - 567. List the prime factors of o.
2293
Suppose m = 18 + 3. Suppose -4*g - 5270 = -m*g. List the prime factors of g.
2, 5, 31
List the prime factors of -4*(-3)/(-48)*-20908.
5227
Let d(c) be the first derivative of 17*c**3/3 + 7*c**2/2 + 12*c - 5. Let o be d(-3). Suppose -v + 3*u + o = 0, v = -4*u - u + 160. List the prime factors of v.
2, 3, 5
Let m be (-1)/(-3) + 9286/6. Suppose -4*t + m = 2*k, -4*t - 4*k + 1932 = t. What are the prime factors of t?
2, 97
Let r(g) = 12 + 7*g**2 + 27*g + 3*g - 12*g**2. Let n be r(-14). What are the prime factors of (15/9)/(n/348 + 4)?
5, 29
Let i(f) = -11*f**3 - 31*f**2 - 34*f - 151. What are the prime factors of i(-13)?
19219
List the prime factors of ((-1)/6 - (-18)/(-648)*-42954)*56.
2, 7, 1193
Suppose 69648 = 29*l - 33824. What are the prime factors of l?
2, 223
Let o(m) = -19*m + 365. Let t be (2 + -8)/(2/10). What are the prime factors of o(t)?
5, 11, 17
Let t be (-37)/7 - 4/(-14). Suppose 2*o - 8 = 0, 129*o - 125*o - 1448 = 4*s. What are the prime factors of s/(-2) + t + (3 - -5)?
2, 7, 13
Let a = 65596 - 41145. List the prime factors of a.
7, 499
Suppose -43*p - 24 = -49*p. Suppose -3*a + 403 = 4*m, -p*m + 131 = a - 262. What are the prime factors of m?
97
Suppose -6 = 92*h - 91*h, 0 = -3*z + 5*h + 5289. What are the prime factors of z?
1753
Let a = -18383 + 30007. What are the prime factors of a?
2, 1453
List the prime factors of ((-150)/90 - (-13502)/(-24))*2*-2.
37, 61
Suppose -2*v = 4*l - 32, -4*l + 86 = 4*v - 7*l. Suppose v = -6*w - 160. What are the prime factors of 4 + w*(-30)/9?
2, 13
Suppose 0*m - 9*m = -10*m. Let r be 155/20 - (m + 2/(-8)). What are the prime factors of (-76)/(-3*r/12)?
2, 19
Suppose -7 = -z + 2*f + 5, -4*z = -5*f - 60. Suppose z*d = 2216 + 4504. List the prime factors of d.
2, 3, 7
Suppose 2*s = -3*s + t + 48319, 0 = -5*s - 5*t + 48355. What are the prime factors of s?
5, 1933
Let l = 20878 + -11448. List the prime factors of l.
2, 5, 23, 41
Let j = 1479 + -1392. What are the prime factors of j?
3, 29
Let j = -25448 - -36897. List the prime factors of j.
107
Let y = -1 - 11. List the prime factors of 4 - ((-10)/8 - (-1293)/y).
113
Suppose 0 = -2*c - 1 + 15. Let a(p) = -7*p**2 + 20*p + 34. Let z(w) = 3*w**2 - 10*w - 14. Let l(h) = -2*a(h) - 5*z(h). List the prime factors of l(c).
23
Let p(s) = 1423*s - 7267. What are the prime factors of p(32)?
7, 11, 71
Suppose 0 = -4*x + 74 + 46. List the prime factors of 4/x - (-44864)/120.
2, 11, 17
Suppose -24 = 3*g + 3*h, -h = -g + 3*h + 17. Let k(z) = 19*z**2 - 47*z - 138. Let s be k(-3). What are the prime factors of s/2 + g/1?
2, 3, 7
Suppose -6*f + 2030 = f. Suppose 294*j = f*j - 20. List the prime factors of 1*(734/5 + (-1)/j).
3, 7
Suppose -2*z + 5*b - 15 + 50 = 0, z = -b. Su